uppose -22*v = -k*v - s. What is the hundreds digit of v?
1
Suppose -3364*h + 3363*h - 16028 = -5*j, -3*j - h + 9628 = 0. What is the hundreds digit of j?
2
Suppose -p = -351 + 339. Suppose -p*q + 3851 + 1921 = 0. What is the units digit of q?
1
Let k be 55/2*4/(-2). Let c = k - -59. Suppose -j = -c*r - 6*j + 697, 2*j + 494 = 3*r. What is the units digit of r?
8
Let a = 18 + -3. Suppose 7*z = a + 13. Suppose z*h - 375 - 25 = 0. What is the units digit of h?
0
Let q(j) = j + 36. Let k be q(-21). Suppose -5*i + 3*d + 528 = 0, 20*d - 236 = -2*i + k*d. What is the hundreds digit of i?
1
Suppose -3*w = -3*s - w - 24, -4*w = 2*s. Let p(q) = -35*q + 69. What is the hundreds digit of p(s)?
2
Let y = 294 - 120. Let s = y - -178. Suppose -5*j + s - 57 = 0. What is the tens digit of j?
5
Let a(n) = 67*n + 91. Let x be a(-5). Let q = x + 651. What is the tens digit of q?
0
What is the hundreds digit of 9/39 + (-423776)/(-442)?
9
Let k = 943 + -672. What is the hundreds digit of k?
2
Let t = -248 - -438. Let q be -2 + (-333)/(2 + 1). Let i = q + t. What is the units digit of i?
7
Let x(q) = 20*q - 31. Let h be x(19). Suppose 4*c - h = 263. Suppose c*w - 157*w + 20 = 0. What is the units digit of w?
5
Let t be 4/((-377)/(-174) - 1/6). Suppose -1284 = -2*l - t*m, 3*l - 2565 = -l - 3*m. What is the tens digit of l?
3
Let g(h) = -613*h - 112. Let y = 137 - 139. What is the thousands digit of g(y)?
1
Let p = -47 + 46. Let k be (-5)/p*336/(-70). Let l = k + 79. What is the units digit of l?
5
Let z be (-1)/(-1 + 2) - 6. Let l(p) = -2. Let y(w) = w - 7. Let g(v) = -2*l(v) - y(v). What is the units digit of g(z)?
8
Suppose -2*n = 3*r - 379 - 4002, 5*n - 4*r - 10918 = 0. Let u = 3120 - n. What is the hundreds digit of u?
9
Let z be 2*3/(-4) + (-130)/(-4). What is the tens digit of (-1 + 269)/(z/62)?
3
Suppose 5*n - 47497 = -4*l + 64760, -2*n + 5*l = -44883. What is the units digit of n?
9
Let v(q) = 9*q**2 - 6*q - 8. Let m be v(-1). Suppose 2*i = -4*u + 1916, -m*u + 8*u - 5*i - 468 = 0. What is the units digit of u?
8
Let f(o) = o**3 - 12*o**2 + 4*o + 7. Let a = 11 - 9. Suppose -a = -k + 10. What is the tens digit of f(k)?
5
Suppose -7*b + 186485 = 15*b - 206017. What is the tens digit of b?
4
Let m = -231 + -43. What is the units digit of (-4)/(m/(-69) + -4)?
8
Let a be 5/((-288)/294 - -1). Let h = a - 48. What is the units digit of h?
7
Suppose -70*z = -93*z + 1225440. What is the units digit of z?
0
Let z = -274 - -115. Let j = 304 + z. Let o = 255 - j. What is the tens digit of o?
1
Suppose 2*y - 932 = -2*h + 518, -2*h + 1468 = -4*y. Let u = 1368 - h. What is the tens digit of u?
4
Let m(l) = -2950*l - 2772. What is the ten thousands digit of m(-13)?
3
Suppose -9006 = -2*u + 394*o - 399*o, 4*u + 4*o = 18000. What is the units digit of u?
8
Suppose -4*c - 16 = 0, 5*b + c + 3715 = -4*c. Let u = 1293 + b. What is the tens digit of u?
5
Suppose 3*c = 3*u - 36, 10*c = 15*c + 4*u + 60. What is the thousands digit of (446/(-4))/(3*c/576)?
1
Let c(f) = 3*f**3 + 4*f**3 - 15*f - 4*f**2 - 8*f**3 + 2*f**2 + 16. What is the units digit of c(-7)?
6
Suppose 4*m + 4*a + 56 = 0, 2*m + 21 = -2*m + 3*a. Let k(d) be the first derivative of -4*d**2 - 27*d - 145. What is the units digit of k(m)?
5
Let p(x) = 7*x**2 - 9*x - 9. Let q be p(-1). Suppose 5614 = 21*g - q*g. What is the tens digit of g?
0
Let q = -821 + 1183. Suppose 2*n + 4*n = -1404. Let b = q + n. What is the hundreds digit of b?
1
Suppose -5*w = 304 - 329. Suppose -3*u - w*t + 755 = -650, -u + 467 = 2*t. What is the hundreds digit of u?
4
Let h be (-2)/(-3)*(731 + -9 + 4). Suppose -19*g + 8*g = -h. What is the units digit of g?
4
Let x be (-4)/((3 + -2)/(1/(-2))). Let a(f) = 13*f + 28 - f**2 - 2 + 3*f**x. What is the units digit of a(-10)?
6
Let k(p) be the second derivative of -p**3/6 - p**2/2 - 13*p. Let v be k(-5). Suppose 0 = v*m + d - 143, -2*d + 111 = -0*m + 3*m. What is the tens digit of m?
3
Let b = 33147 + -2154. What is the units digit of b?
3
Let f = -52 + -11. What is the hundreds digit of (-22099)/f + (-2)/(-9)?
3
Let r be 1/5*0 - -3. Suppose l - r*h - 55 = 0, -h - h = -2*l + 110. Suppose -57*f + 24 = -l*f. What is the tens digit of f?
1
Suppose -13044 = -4*n - 3*p, -3266 = -0*n - n - 2*p. Let l = -1913 + n. What is the units digit of l?
5
Let t = 38 + -32. Let f(x) = x. Let q be f(t). What is the units digit of 20/6*-204*q/(-20)?
4
Suppose 36722 = 12*o - 11530. What is the hundreds digit of o?
0
Suppose 2*i + 17 = l, -4*l + 22 + 21 = -3*i. What is the units digit of l?
7
Let i(a) = 969*a**3 + 6*a**2 - 40*a + 1. What is the hundreds digit of i(3)?
0
Let a = -20 - -27. Let s(i) = 5*i**2 - i**3 + 5*i + a*i**2 + 0*i**2 + 4 - 8*i**2. What is the units digit of s(5)?
4
Suppose -2*t - 251 = -937. Suppose -106 - t = -z. What is the tens digit of z?
4
Let w be (12/8)/(30/(-10180)). Let x = w - -1079. What is the tens digit of x?
7
Let r(i) = 31*i**3 - 5*i**2 - 5*i. Let t be r(-1). Let n(p) = -p**3 - 29*p**2 + 18*p - 56. What is the tens digit of n(t)?
0
Suppose -14*w - 152456 = -633972 - 167160. What is the hundreds digit of w?
3
Suppose 4*v - 4 = 0, -5*v = 2*r - 0 - 9. Suppose 2*i + 1070 = 4*u, u - r*i - 270 = -4*i. What is the hundreds digit of u?
2
Let r(y) = y + 3. Let o be r(0). Let c = o - 1. Suppose -l + 64 = -c*z, 0 = -2*l - 2*z - z + 93. What is the tens digit of l?
5
Let s = -9 + 11. Let d be s + (-16)/7 + (-69)/(-21). Suppose -d*c = 2*c - 130. What is the units digit of c?
6
Let p(u) = u**2 + 2. Let j(i) = -397*i**2 + 4*i - 5. Let g(l) = -j(l) - 5*p(l). What is the hundreds digit of g(-1)?
3
Let p(t) = -138*t + 127. Let d be p(10). What is the units digit of 2*3*d/(-42)?
9
Let p(f) = -4*f**2 + 6*f. Let n(j) be the first derivative of -17*j**3/3 + 23*j**2/2 + j - 25. Let z(h) = -2*n(h) + 9*p(h). What is the units digit of z(3)?
4
Let o = -406 - -409. What is the thousands digit of (o + (-894)/(-9))*12?
1
Let c = -47826 - -83780. What is the hundreds digit of c?
9
Let r be 8/(2 - 4 - 0) - -260. Let y = 538 - r. What is the units digit of y?
2
Suppose -4*r - 17*m + 20356 = 0, 4*r - 21727 = -m - 1499. What is the tens digit of r?
5
Let x = -1976 + 8950. What is the thousands digit of x?
6
Let o be 3 - (4 + -1 + 0). Suppose l - 6*l + 20 = o. Suppose -l*t + t + 342 = 4*r, 2*t = -3*r + 256. What is the units digit of r?
4
Let i be (-2)/(-6)*15 + -1. Suppose -j - i = -5*j. What is the units digit of (36 + j - -2)*1?
9
Suppose -18*u - 4*l = -22*u - 8, -10 = -3*u - l. Suppose -4*f + 4000 = f. Suppose u*g = -6*g + f. What is the units digit of g?
0
Let o(y) = y**3 + 9*y**2 + 17*y - 4. Let r be o(-6). What is the tens digit of 16746/(-252)*-6 - r/(-7)?
9
Let v be 34 + 3*-1*1/3. Let c(w) = 24*w + 1. Let h be c(2). Let y = h - v. What is the tens digit of y?
1
Suppose 0 = 4*j + 2*v - 16, 4*v = -j + 40 - 43. Let g = -2 + 4. Suppose -4*r - u = -146, 3*u = -j*r - g*u + 190. What is the tens digit of r?
3
What is the units digit of (-1)/(((-5)/(-35965))/(7 + -15 - -7))?
3
Suppose 4*p + 4 = 0, p - 2*p = -5*x - 9. Let g(m) = -167*m**3 - 2*m**2 - 2*m - 8. What is the tens digit of g(x)?
2
Suppose -6*y + 4 = -10*y, -2*o + 2385 = 3*y. Let b = -846 + o. What is the hundreds digit of b?
3
Suppose 28*w + 33*w = 76791 + 42403. What is the thousands digit of w?
1
Let j(g) = 76*g - 97. Let o be j(17). Let s = o - 621. What is the units digit of s?
4
Let h(y) = 79*y**3 - 35*y + 127. What is the units digit of h(5)?
7
Let u be ((35 - -1) + 0)*(0 - 60/(-40)). Let d = 981 - 563. Suppose 56*a - d = u*a. What is the units digit of a?
9
Let n(c) = 30*c - 6. Let x be n(5). Suppose 2*z - 5*z + x = 4*q, 172 = 4*q - 4*z. What is the units digit of q - ((-14)/(-4) - 3)*-2?
0
Let x = -2 + 7. Suppose -3*s = -z - 1583, 4*z = 3*s - 2114 + 525. Suppose -x*h = -13 - s. What is the tens digit of h?
0
Let n(l) = 5*l**3 + 11*l**2 + 16*l - 15. Let o be n(-5). Let g = 620 - o. What is the units digit of g?
5
Let c(w) = 2*w**3 + 56*w**2 - 75*w - 1. What is the tens digit of c(-29)?
9
Let m = 0 - 3. Let w(c) = -c**2 - 5*c**3 - 12*c + 12*c + 6 + 2*c**3 - 2*c. What is the units digit of w(m)?
4
Let u(c) = 5*c**2 + 12*c + 14. Let r(t) = 16*t**2 + 36*t + 41. Let g(p) = -2*r(p) + 7*u(p). What is the tens digit of g(12)?
9
Let t be (-3)/(-1*1/21) + 2. What 